+ 3*z = -z + a, 3*c = -4*z + 110. What is the remainder when 203 is divided by c?
35
Let d = -2388 + 2414. Let a(o) = 12*o**3 + o**2 + o. Calculate the remainder when a(2) is divided by d.
24
Suppose o = 3*b + 1433, -2848 = -2*o - 0*b + 3*b. Calculate the remainder when o is divided by 51.
38
Let n(k) = -77*k**2 - 540*k + 18. What is the remainder when 194 is divided by n(-7)?
19
Let q = 283 - 202. Suppose 3*v + 2*c = q, -7*c = -4*v - 3*c + 108. Let k = 10 + 4. What is the remainder when v is divided by k?
13
Suppose 0 = 513*o - 1020*o + 113061. Suppose 120 = 5*x - 5*i, -2*x = -0*x + 2*i - 44. Calculate the remainder when o is divided by x.
16
Let c be (-84*1/(-10))/(2/10). Suppose c - 88 = -s. Calculate the remainder when s is divided by 15.
1
Suppose 89*q - 4883 = -2836. Suppose 0 = -m - 5, -2*w + 195 = w - 3*m. Calculate the remainder when w is divided by q.
14
Let z(g) = -51*g + 365. What is the remainder when 2854 is divided by z(5)?
104
Let q = -18 + 29. Suppose -11 = -5*w + 9. Suppose w*v - 26 = 4*p - 2, 4*v = -4*p. Calculate the remainder when q is divided by v.
2
Suppose 19*k + 4*u - 831 = 14*k, k = -u + 167. Calculate the remainder when 634 is divided by k.
145
Suppose 8*f - 59*f + 969 = 0. What is the remainder when 341 is divided by f?
18
Let u = -42245 + 42274. What is the remainder when 448 is divided by u?
13
Suppose -2*r = 21*r - 12627. Let o = r + -525. Calculate the remainder when -1 + 2 + -2 - -72 is divided by o.
23
Suppose -z = -130*u + 126*u + 86, 0 = z - 6. What is the remainder when 156 is divided by u?
18
Let r = -238 + 538. Calculate the remainder when -5*r/(-48)*3*4 is divided by 29.
27
Let h(r) = 11*r - 20. Let y(k) = 33*k - 61. Let x(t) = -11*h(t) + 4*y(t). What is the remainder when x(9) is divided by 11?
9
Let h(t) = -2*t - 21. Let d be h(-9). Suppose g + 2*v = 8, -64 - 3 = -5*g - v. Calculate the remainder when ((-128)/(-4) - (0 - d)) + 0 is divided by g.
1
Let p = 2 - -8. Suppose -p*i = -7*i - 3, 0 = -5*l + 4*i + 71. Calculate the remainder when 37 is divided by (-18)/(-15)*25/l*5.
7
Let h(v) = 37*v - 478. Calculate the remainder when h(16) is divided by 2/(-8) + 93/4.
22
Suppose -739 = 3*o - 3*k + 2*k, -4*k - 1226 = 5*o. Let t(p) = -p**2 - 11*p - 14. Let j be t(-10). Calculate the remainder when 152 is divided by j/(-16) - o/8.
28
Let b(o) = 3*o**2 - 40*o + 15. Let n be b(13). Suppose -2*c + 58 = 4*g, 0 = 5*c - 3*c - n. What is the remainder when 108 is divided by g?
10
Suppose 4*s = -j - 3, -3*s - 8 = -4*j - j. What is the remainder when ((-114)/(-8) + j)/(18/72) is divided by 34?
27
Suppose 292 = -5*b + 9*b. Suppose 0 = -5*i + b - 13. Calculate the remainder when 394 is divided by i.
10
Calculate the remainder when 698 is divided by 95/12 - (-93)/1116.
2
Calculate the remainder when ((-692)/5)/(((-34)/5)/17) is divided by 21.
10
Suppose -15*f = -15 - 60. Let v(h) = -5*h + 29. What is the remainder when 42 is divided by v(f)?
2
Let x = -48 - -50. Suppose o - 9 = -z, -x*z + 3*z - 2*o - 12 = 0. What is the remainder when ((-1184)/(-20) - 2/z)*1 is divided by 15?
14
Suppose 11 = b + 2*a, 5*a - 9 = 2*b - 13. Let y be (-88)/(-3)*99/(-22). Let n = -43 - y. Calculate the remainder when n is divided by b.
5
Let o = 1275 + -1264. What is the remainder when 3946 is divided by o?
8
Let s = -2784 - -2826. What is the remainder when (-44)/6*(-114)/4 is divided by s?
41
Suppose -6*b + 7187 - 770 = 17*b. Calculate the remainder when b is divided by 98.
83
Let j = -78 - -83. Let x(t) = 2*t**2 + 5*t - 4. Let f be x(j). Calculate the remainder when 40 is divided by f/5 - 124/(-155).
10
Let j(k) = 3*k**2 + 3*k - 156. Suppose 4*z + 3*d - 470 = 0, z - 363 = -2*z + 3*d. Calculate the remainder when z is divided by j(7).
11
Let y(h) = -h**3 - 14*h**2 + 14*h - 2. Let i be y(-15). Suppose i = 7*r - 547. Let t = r - 74. Calculate the remainder when 27 is divided by t.
3
Let d(o) = 3*o**2 + o**3 - 3*o**2 - 69*o - 2*o**2 + 66*o - 3 - 3. Let h(s) = -s**2 - 6*s - 1. Let q be h(-5). What is the remainder when 95 is divided by d(q)?
11
Suppose -f + 2*r - 7*r + 70 = 0, 0 = -2*f - 2*r + 148. Suppose o - 1789 = -3*t, 1785 = 41*t - 38*t + 3*o. Calculate the remainder when t is divided by f.
72
Suppose t - 3*r + 52 = 2*t, 0 = -2*t - r + 109. Calculate the remainder when 1919 is divided by t.
49
Let n(i) = -2*i - 12. Let c(d) = d + 5. Let o be c(-18). Suppose u + 20 = 6*u. What is the remainder when n(o) is divided by u?
2
Suppose 121*x = 801653 + 239673. Calculate the remainder when x is divided by 15.
11
Let w(b) = 2*b**2 - 2*b + 50. Let c be 0/((-40)/(-5) - 4 - 6). What is the remainder when w(c) is divided by 19?
12
Suppose 0 = -3*u - 5*j + 1694 - 601, 2*j - 722 = -2*u. Calculate the remainder when u is divided by 11.
4
Let d = -32 + 48. Suppose -14*c - 64 = -d*c. Calculate the remainder when c is divided by 38/6*3 + -2.
15
Let k(t) = -19*t + 161. Suppose -5*v = -5*y - 10, 3*y - 2*v + 4*v = -1. What is the remainder when (6/(-12))/(y/34) is divided by k(8)?
8
Let b(h) = -14*h + 3. What is the remainder when (3504/(-3212)*(-11)/14)/((-4)/(-1246)) is divided by b(-3)?
42
What is the remainder when (-364)/(22 + -9)*(-33 + -3) is divided by 38?
20
Let n(x) = x**3 - x**2 - 19*x - 5. Calculate the remainder when 324 is divided by n(7).
12
Let l(g) = 4*g**2 + 110*g + 245. What is the remainder when 526 is divided by l(-26)?
81
Suppose 0 = -2*o + 3*r + 2469, r - 46 + 47 = 0. What is the remainder when o is divided by 612?
9
Suppose 4622*q - 60 = 4610*q. Let g be (-4)/6 + 24/9. Suppose -g*c + 21 + 11 = 0. What is the remainder when c is divided by q?
1
Calculate the remainder when 503 is divided by ((-657)/(-219))/(3/167).
2
Suppose 4*a - 798 = -3*v, -4*a = -6*a + 6*v + 414. What is the remainder when a is divided by 48?
9
Let d(p) = -p**2 + 8*p - 9. Suppose 2*u + 5*g = -8, g = -0 - 4. Let v be d(u). Suppose 201 = -0*i + v*i. What is the remainder when i is divided by 23?
21
Suppose -88*n + 84*n + 89 = -123. What is the remainder when 153 is divided by n?
47
Suppose 3*g + 2*x = -3*x + 16, 2*g - 6 = -x. Suppose g*a = -4*f + 20, -3*f - 12 = -7*f. Let p = -70 - -71. Calculate the remainder when a is divided by p.
0
Let z(t) = 2*t**3 + 22*t**2 + 9*t + 107. What is the remainder when z(-11) is divided by 7?
1
Suppose -1343*m = -1374*m + 32860. What is the remainder when m is divided by 106?
0
Suppose 73*n - 146 = 657. What is the remainder when 3134 is divided by n?
10
Suppose 437*z + 17860 = 484*z. What is the remainder when 1514 is divided by z?
374
Suppose -2*w = -3*n - 35, 5*n - 96 = -5*w + 4*n. Suppose -3*g = 4*g - 42. What is the remainder when w is divided by g?
1
Suppose 0 = -2*l - 5*d + 194, 5*l - 5*d - 610 = -125. What is the remainder when 4651 is divided by l?
92
Suppose -p - 4*p = 2*r - 257, 3*r - 351 = 4*p. What is the remainder when 1186 is divided by r?
97
Suppose -199*i + 189*i + 510 = -490. What is the remainder when 897 is divided by i?
97
Let x(m) = -2*m**3 - 6*m**2 - 7*m + 3. Let t(o) = 4*o**3 + 6*o**2 + 6*o - 3. Let f(y) = -2*t(y) - 3*x(y). Calculate the remainder when f(-3) is divided by 27.
24
Let n(v) = 5*v - 14. Let p(j) = j**2 + 3*j + 2. Let w be p(-4). Let g = 2 + 9. Calculate the remainder when n(w) is divided by g.
5
Suppose 315*u - 1374212 = 1974868. Calculate the remainder when u is divided by 26.
24
Let o(q) = q**2 + 31*q - 208. What is the remainder when o(-38) is divided by 5?
3
Let x = 29 + -20. Let h(p) = -p**3 + p + 18. Let g be h(0). Calculate the remainder when 20*g/12 + 5 is divided by x.
8
Suppose 0 = 11*a - 14*a + 21. Let k(p) = p - 5. Let v be k(a). Suppose 46 = v*l - 4*j, -2*l + 96 = 3*j + 15. What is the remainder when 65 is divided by l?
32
Let h(a) = -a**3 - 86*a**2 - 77*a + 857. What is the remainder when 21415 is divided by h(-85)?
175
Suppose 5*q - 3*z - 226 = 0, q = z + 3*z + 35. Suppose 40*n - 396 + 171 = 255. What is the remainder when q is divided by n?
11
What is the remainder when 130 is divided by (-232)/(-6)*(3/9 + 217/186)?
14
Let d = -157 + 331. Suppose -77*c + 2780 - 1047 = -1809. Calculate the remainder when d is divided by c.
36
Let h = -5 - 51. Let c = h - -73. What is the remainder when (24/(-6)*1)/((-1)/c) is divided by 18?
14
Suppose -b - 3 = -1, -5*k + 2*b + 69 = 0. Let u(s) = 4*s**2